1 + -2.
2
0 + -3 + 5 + (35 - 44)
-7
Calculate 10 - 3 - (-2 - 1 - -5).
5
What is the value of -155 + 143 - (-2 - 10)?
0
What is the value of 2 - (1 + 0) - (-4 - -2)?
3
What is the value of 6 - (-4 - -7) - 8?
-5
What is 0 + -12 - (-11 + 7)?
-8
-2 + -2 + 5 + 3
4
Calculate (-2 - (3 + -3) - -2) + -2.
-2
0 + -1 + -2 + (-8 - -9)
-2
What is (-4 - (1 - 13)) + -25 + 19?
2
Evaluate -2 - (0 - (-4 + 1)) - -4.
-1
-2 + 1 + -2 + 3 - 1
-1
What is 4 + -2 + 0 + 8 + -12?
-2
Calculate 3 - 7 - (-4 - (-2 - -1)).
-1
Calculate (25 - 21) + (1 - 2) + 6.
9
Calculate (-2 + -11 + 8 - 6) + 8.
-3
Calculate 12 - (12 - (-8 - -12)).
4
Calculate 9 - 7 - (1 + 1).
0
What is the value of 6 - (1 - 3 - -4 - 0)?
4
What is -2 + (3 - (-2 - -6))?
-3
Evaluate -6 + -4 + 9 - 5.
-6
What is 4 - (0 + (4 + 1 - 0))?
-1
What is the value of -2 - (-1 - -1) - -2?
0
Evaluate -4 + -5 + 2 - (2 + -4).
-5
Evaluate -1 - 2 - (-47 - -43).
1
Evaluate 2 + (3 - 0) + -10.
-5
What is the value of 2 + -2 - (7 + (1 - 6))?
-2
3 - (0 + -7 + 2 + 8)
0
What is (-31 - -29) + 4 + 2?
4
What is 5 + -6 + (2 - (-3 - -1))?
3
What is 13 - (11 + -7 + 5)?
4
Evaluate -1 + -3 - (-51 + 43) - 12.
-8
What is the value of 2 - (6 - ((10 - 5) + 1))?
2
What is the value of -13 - ((-6 - 13) + 8 + 6)?
-8
Calculate (-4 - (7 - -1)) + 7.
-5
What is 10 - (5 - -5 - -6)?
-6
Evaluate -4 - (-2 - -6 - -2 - 5).
-5
-2 - -2 - (12 - -11 - 14)
-9
What is (2 + -1 - 4) + -4 - -3?
-4
What is the value of (-14 - -2) + 3 - -4?
-5
Calculate 2 + -3 + -3 + 5 + 3.
4
Evaluate -1 - -1 - (-2 - (-4 - 2)).
-4
What is the value of 7 - 0 - (-8 + 20)?
-5
(5 - (13 + -8)) + -3 + 0
-3
Calculate 2 - (8 + (3 - 6)).
-3
What is (0 - 3) + (11 - 1) + -3?
4
-4 - (3 - 4 - -2)
-5
Evaluate -3 + -2 + (-2 - -8).
1
What is the value of -1 - 1 - (1 - 3)?
0
What is the value of -4 + 6 + (-7 - (2 - 5))?
-2
Evaluate -17 + 11 - (-13 + 1).
6
What is the value of -2 + 2 + (0 - 6)?
-6
What is (-10 - -15) + (-3 - (-2 + 0))?
4
Calculate 7 - (-5 - 5 - -15).
2
Evaluate -1 - (4 + 0 + -2 + -2).
-1
What is the value of -5 - (1 + -5 + 1)?
-2
What is the value of 3 + -6 - (-13 + 9)?
1
Evaluate -3 + 5 - (-1 - (2 - 3)).
2
Evaluate 2 + (1 - -3 - (1 + 4)).
1
What is 3 + 3 + (-2 - 1) + -2?
1
What is the value of 7 + -3 + (-7 - -5) - 3?
-1
13 - (9 + -8 + 4)
8
Calculate (5 + -1 + -3 - -2) + -5.
-2
What is the value of -2 + (-1 - -6) + -7 + 3?
-1
3 - (0 - (-5 - (-3 - -1)))
0
Evaluate 6 + (-5 - (0 + (-2 - 1))).
4
What is the value of (-8 - (5 - 7)) + (1 - -5)?
0
What is -7 - (-3 + 6 - 7)?
-3
What is the value of -2 - -1 - (-6 - (1 - 5))?
1
What is the value of 3 + (4 - 13 - -4)?
-2
(9 - 14) + 6 + -11
-10
Evaluate 9 - (4 - (-3 - -2)).
4
What is (7 - 6) + -3 - (1 - 0)?
-3
What is 15 + -15 + -3 + -4?
-7
2 - 1 - (-6 - -3)
4
Calculate 1 - ((0 - 4) + 5) - -1.
1
Evaluate 3 + (-7 - 2) - (-8 - -1).
1
What is the value of -4 - (3 - 6 - (0 - 0))?
-1
8 + (4 - -3) + -13
2
Evaluate 33 + -30 + (0 - 5) + 1.
-1
Calculate -1 + -4 - -10 - (14 - 6).
-3
-2 + -1 + 3 + 1 + -3
-2
Evaluate 8 + (-2 + -8 - 2).
-4
Evaluate 1 - (8 + -11 + 0 + 3).
1
Evaluate -7 + 1 + (-9 - -8).
-7
What is 4 + -4 - (-3 - (1 - 0))?
4
Calculate -1 + 4 - (0 - -2) - 2.
-1
2 + -10 + -1 + 5
-4
Evaluate 6 + 2 + -8 + (3 - 0).
3
Evaluate (15 - (17 - 7)) + -1 + -1.
3
Calculate -2 + 4 + 4 + -10.
-4
What is the value of 2 - ((-4 - -7) + -4)?
3
What is the value of 37 - 40 - (1 - -3)?
-7
Calculate 5 + -23 - 1 - -12.
-7
What is the value of 1 + 0 + 17 + -16?
2
What is the value of 13 - (-3 + 13) - (3 + 7)?
-7
Evaluate -1 - -8 - (22 - (4 + 8)).
-3
What is -6 + 8 - (3 + -1 + -3)?
3
-13 + 14 - (0 - -2)
-1
Evaluate (-2 + 4 - -2) + (11 - 14).
1
(2 - 2 - (-5 - -2)) + -3
0
Calculate -9 + (19 - 12) - (-1 - -3).
-4
(-7 - -11) + -5 + 1
0
(-64 - -81) + -9 + 0
8
(-44 - -27) + 22 + (-13 - 0)
-8
Calculate -7 + (12 + 4 - 6 - -2).
5
What is (-2 - -6) + -3 - -4?
5
What is the value of 1 - ((-3 - 3) + 3)?
4
What is the value of 5 - 3 - 0 - 3?
-1
Evaluate (1 - -2) + (-2 - 1) + 4.
4
(4 + 0 - -1) + -5
0
What is (-7 - (-8 - 6)) + -6?
1
What is 1 - 2 - (6 - 2)?
-5
(1 - 1 - -5) + -7
-2
Evaluate 7 + -11 - (-2 + (2 - 3)).
-1
What is the value of (-18 - -17 - (-3 - 3)) + 6?
11
What is -1 + 2 + 0 + -4?
-3
Calculate -15 - -14 - (1 + -2).
0
(-1 - 1 - (3 + -8)) + 4
7
-17 + 7 + 4 + 0 - -4
-2
Evaluate -2 + (4 - (-4 - (-2 - 1))).
3
What is the value of 1 + 2 - (6 + (-6 - -1))?
2
-1 + -7 + 4 + 9
5
What is -4 + 4 + (4 - 0 - 3)?
1
-1 - 5 - (-49 + 42)
1
-7 + 8 + -4 - 6 - -3
-6
Calculate 7 + (1 - 3) - 1.
4
Evaluate (11 - 8) + -5 - (5 - 0).
-7
What is the value of -6 - (6 + -6 + -7)?
1
2 - (8 + -3 - 5)
2
3 + 0 - 3 - (2 - 3)
1
What is the value of (-3 - -4) + 2 + 15 + -12?
6
-1 - (4 + -4 + -1 + 4)
-4
Calculate 1 + -1 + -8 + -2 - -7.
-3
Calculate -2 + 4 + -8 + 5.
-1
What is -8 - (10 - 10) - -6?
-2
Calculate 3 + 1 + -2 + (2 - -1).
5
Evaluate 3 + (-1 - 2) + 1 - 7.
-6
What is the value of 1 - ((-1 - (-10 - -5)) + -4)?
1
What is -5 + (-2 - 0) + 14?
7
What is the value of -4 + (2 + -3 - 0)?
-5
What is -5 + 5 + 2 + (-8 - -3)?
-3
(-11 - (-1 - 3)) + (33 - 24)
2
Evaluate 1 + (20 - 11) + -4 + -1.
5
0 - (1 + -5 + 3)
1
Evaluate -7 + 1 + 24 + -12.
6
Evaluate -1 + 3 + (-2 - -2).
2
What is 1 + 0 + 2 + 0 - -2?
5
What is (5 - 8) + 0 - (0 - 8)?
5
(-5 - (-1 - 1)) + 2 - -3
2
-5 - (6 + -9) - 5
-7
What is the value of 8 + 1 + -11 + 2?
0
Evaluate -1 - 2 - (-41 - -34).
4
What is the value of (-1 + -2 - 0 - 0) + 2?
-1
What is the value of (27 - 15) + 3 + -15?
0
Evaluate 5 + -7 - (-15 - -15).
-2
Calculate -11 + (5 - (6 + -9)).
-3
-5 - -3 - 8 - -10
0
Calculate 1 + 2 + (2 - 6).
-1
What is (-8 - (-7 - -7)) + 3?
-5
What is the value of -1 + 5 - (0 + -2 + 2)?
4
What is the value of (13 - (8 + 0)) + -1 + -7?
-3
Evaluate -3 - (-3 + 10 - 16).
6
What is -2 + (4 - (0 + 0))?
2
Evaluate -5 - (-2 - -2) - (20 - 29).
4
Calculate -9 - (20 - 9 - 17).
-3
Calculate -1 - 4 - ((0 - 0) + -8).
3
What is the value of 61 + -70 - (-3 + -17)?
11
What is (-7 + 0 - -3) + 9?
5
4 + -1 - 6 - (14 - 9)
-8
1 - (-7 - -3) - 4
1
What is 5 - 0 - (-4 - -9)?
0
Evaluate -3 + (2 - 1) - (-67 - -63).
2
Calculate 6 + 4 + (0 - 6).
4
Evaluate (1 - (-1 - -3) - -4) + 0.
3
Calculate -1 + -1 + 1 + 1 + 5.
5
What is the value of (-1 - 13) + -88 + 95?
-7
What is the value of (3 - (3 - (-3 - -1))) + -1?
-3
-3 - (12 + (-21 - 2))
8
What is -4 - (9 - 5 - 3)?
-5
-4 + 1 - (-5 + 3)
-1
(-6 - -17 - 8) + -8
-5
Calculate 3 + 5 + -7 + 0 - -3.
4
Calculate 5 + -7 - -3 - 0.
1
-2 - ((-3 - -6 - 4) + 2)
-3
What is 2 + -3 + 3 - (3 + -1)?
0
What is the value of -4 + (5 - 4 - 2)?
-5
Calculate -4 - (-6 - (-2 + 0)).
0
Calculate 0 - (-2 + (3 - 0 - -2)).
-3
What is -1 - -3 - (6 + 1)?
-5
What is (-7 - -4) + 9 + -1?
5
What is -4 - (-8 + (-4 + 4 - 3))?
7
2 + (-8 - -5 - (5 - 2))
-4
Evaluate (-5 - (-3 - -11)) + 3.
-10
What is the value of (-3 - -3) + -5 + 4?
-1
What is the value of 7 + -7 - 6 - -7?
1
Evaluate -4 + 17 + (12 - 18).
7
What is the value of -3 - (-4 + (-4 + -3 - -4))?
4
What is the value of -9 - ((-3 - 2) + 6 - 0)?
-10
Calculate -110 + 105 + (2 - -9).
6
Calculate (-4 - (1 + -2) - -3) + -2.
-2
25 + -24 - (-1 + (-3 - -1))
4
What is the value of -10 + 4 + 2 + 5?
1
Calculate 3 + -4 + 4 - 6.
-3
Calculate 11 - 5 - 4 - (2 - 7).
7
What is the value of -2 - (29 - 35 - (-4 - 0))?
0
Calculate 0 + 3 - (3 + -5).
5
Calculate 2 - (-6 - 3) - 5.
6
Evaluate -3 + (0 - 0) + 5 + 1.
3
Evaluate 3 + -2 + -7 - (-9 + 8).
-5
What is the value of 5 + -4 - 0 - -3?
4
What is -2 + -4 + (18 - 7)?
5
Calculate -5 - ((0 - 10) + -5).
10
Calculate -2 - (-1 - (3 + (-1 - -4))).
5
Calculate -22 + 13 + 9 - (0 + -5).
5
What is the value of 0 + (1 + 3 + -4 - -4)?
4
Calculate (0 - (-2 + 0 - -1)) + 0.
1
Calculate (1 - -4 - -5) + -12.
-2
-1 + -7 + 2 + (3 - 2)
-5
(0 - 0) + -4 - (0 + -9)
5
What is 1 + (-4 + 4 - 5) + 6?
2
What is the value of -1 + -6 - (37 - 44)?
0
Calculate (18 - 16) + (-1 - -2).
3
What is the value of (-3 - -4) + 5 - (2 - -1)?
3
Evaluate -3 + -2 + 0 + 0.
-5
What is -6 + 2 + (10 - 0)?
6
What is 8 + -3 + (-7 - 1)?
-3
Evaluate -2 + 1 + -1 - (-9 + -4).
11
What is 11 + -8 + (1 - 7) + 2?
-1
Calculate -7 + -5 + -9 + 17.
-4
What is the value of -5 - (1 + (3 - 10) + -5)?
6
Evaluate (-2 - -3) + 4 - 6.
-1
Evaluate 0 - 0 - (-13 - -9).
4
What is the value of -4 - 0 - (-9 - -13 - 1)?
-7
Calculate -1 + -1 - (10 + (5 - 17)).
0
What is (-8 - (2 + -5)